{"id":32770,"date":"2025-02-20T23:32:49","date_gmt":"2025-02-20T22:32:49","guid":{"rendered":"http:\/\/olemosaic.com\/producto\/iman-de-metal-toro-sevilla-plata-8-cm-2\/"},"modified":"2025-07-25T23:59:02","modified_gmt":"2025-07-25T21:59:02","slug":"iman-de-metal-touro-sevilha-prata-8-cm-2","status":"publish","type":"product","link":"https:\/\/olemosaic.com\/pt-pt\/produto\/iman-de-metal-touro-sevilha-prata-8-cm-2\/","title":{"rendered":"\u00cdman de metal. Touro. Sevilha. Espanha. Prata. 8 cm."},"content":{"rendered":"<p>Este \u00edman met\u00e1lico, que representa um touro, \u00e9 uma aut\u00eantica homenagem \u00e0 rica cultura andaluza, especialmente \u00e0 vibrante ess\u00eancia de Sevilha. Com os seus 8 cm, apresenta um design colorido e moderno que combina uma t\u00e9cnica de mosaico pintado \u00e0 m\u00e3o, ideal para os amantes do artesanato. Os intensos tons vermelhos, amarelos e laranjas do touro n\u00e3o s\u00f3 capturam a for\u00e7a do animal, como tamb\u00e9m refletem a paix\u00e3o que caracteriza a vida na Andaluzia.<\/p>\n<p>A palavra &#8220;SEVILLA&#8221; \u00e9 impressa de forma proeminente, ligando diretamente este \u00edman \u00e0 cidade dos festivais e da tradi\u00e7\u00e3o flamenca. Este objeto n\u00e3o s\u00f3 serve como um pr\u00e1tico \u00edman para o frigor\u00edfico, como tamb\u00e9m \u00e9 uma pe\u00e7a decorativa que evoca as touradas e a hist\u00f3ria cultural da regi\u00e3o. A t\u00e9cnica de mosaico utilizada na sua cria\u00e7\u00e3o confere uma textura visual \u00fanica, tornando cada \u00edman uma pe\u00e7a singular.<\/p>\n<p>Na Ol\u00e9 Mosaic, especializamo-nos na distribui\u00e7\u00e3o de souvenirs por grosso, e este \u00edman de touro \u00e9 uma op\u00e7\u00e3o perfeita para os turistas que procuram recorda\u00e7\u00f5es aut\u00eanticas de Sevilha. Representa um atraente souvenir que combina qualidade, artesanato e um toque da cultura andaluza, ideal para lojas de presentes tur\u00edsticos que desejam oferecer produtos aut\u00eanticos e memor\u00e1veis. Como grossistas de \u00edmanes, asseguramos que cada pe\u00e7a seja um reflexo da rica heran\u00e7a cultural que Sevilha tem para oferecer.<\/p>\n","protected":false},"excerpt":{"rendered":"<p>\u00cdman met\u00e1lico com a imagem de um touro, desenhado com um estilo colorido e moderno que evoca a paix\u00e3o de Sevilha. Com um tamanho de 8 cm, este \u00edman destaca-se pela sua t\u00e9cnica de mosaico de design artesanal, pintado \u00e0 m\u00e3o, que combina tons vermelhos, amarelos e laranjas para criar um acabamento vibrante e atraente. A palavra &#8220;SEVILLA&#8221; aparece num lugar de destaque, real\u00e7ando a liga\u00e7\u00e3o com a rica cultura andaluza. Ideal para colecionadores ou como recorda\u00e7\u00e3o de viagem.<\/p>\n","protected":false},"featured_media":9991,"template":"","meta":{"_acf_changed":false},"product_brand":[],"product_cat":[699],"product_tag":[516],"class_list":{"0":"post-32770","1":"product","2":"type-product","3":"status-publish","4":"has-post-thumbnail","6":"product_cat-imanes","7":"product_tag-animais","8":"pa_ciudad-sevilla","9":"pa_motivo-touros","10":"pa_pais-espana","12":"first","13":"instock","14":"shipping-taxable","15":"product-type-simple"},"acf":[],"_links":{"self":[{"href":"https:\/\/olemosaic.com\/pt-pt\/wp-json\/wp\/v2\/product\/32770","targetHints":{"allow":["GET"]}}],"collection":[{"href":"https:\/\/olemosaic.com\/pt-pt\/wp-json\/wp\/v2\/product"}],"about":[{"href":"https:\/\/olemosaic.com\/pt-pt\/wp-json\/wp\/v2\/types\/product"}],"wp:featuredmedia":[{"embeddable":true,"href":"https:\/\/olemosaic.com\/pt-pt\/wp-json\/wp\/v2\/media\/9991"}],"wp:attachment":[{"href":"https:\/\/olemosaic.com\/pt-pt\/wp-json\/wp\/v2\/media?parent=32770"}],"wp:term":[{"taxonomy":"product_brand","embeddable":true,"href":"https:\/\/olemosaic.com\/pt-pt\/wp-json\/wp\/v2\/product_brand?post=32770"},{"taxonomy":"product_cat","embeddable":true,"href":"https:\/\/olemosaic.com\/pt-pt\/wp-json\/wp\/v2\/product_cat?post=32770"},{"taxonomy":"product_tag","embeddable":true,"href":"https:\/\/olemosaic.com\/pt-pt\/wp-json\/wp\/v2\/product_tag?post=32770"}],"curies":[{"name":"wp","href":"https:\/\/api.w.org\/{rel}","templated":true}]}}

Íman de metal. Touro. Sevilha. Espanha. Prata. 8 cm.

<p>Este íman metálico, que representa um touro, é uma autêntica homenagem à rica cultura andaluza, especialmente à vibrante essência de Sevilha. Com os seus 8 cm, apresenta um design colorido e moderno que combina uma técnica de mosaico pintado à mão, ideal para os amantes do artesanato. Os intensos tons vermelhos, amarelos e laranjas do touro não só capturam a força do animal, como também refletem a paixão que caracteriza a vida na Andaluzia.</p>
<p>A palavra &#8220;SEVILLA&#8221; é impressa de forma proeminente, ligando diretamente este íman à cidade dos festivais e da tradição flamenca. Este objeto não só serve como um prático íman para o frigorífico, como também é uma peça decorativa que evoca as touradas e a história cultural da região. A técnica de mosaico utilizada na sua criação confere uma textura visual única, tornando cada íman uma peça singular.</p>
<p>Na Olé Mosaic, especializamo-nos na distribuição de souvenirs por grosso, e este íman de touro é uma opção perfeita para os turistas que procuram recordações autênticas de Sevilha. Representa um atraente souvenir que combina qualidade, artesanato e um toque da cultura andaluza, ideal para lojas de presentes turísticos que desejam oferecer produtos autênticos e memoráveis. Como grossistas de ímanes, asseguramos que cada peça seja um reflexo da rica herança cultural que Sevilha tem para oferecer.</p>

<p>Íman metálico com a imagem de um touro, desenhado com um estilo colorido e moderno que evoca a paixão de Sevilha. Com um tamanho de 8 cm, este íman destaca-se pela sua técnica de mosaico de design artesanal, pintado à mão, que combina tons vermelhos, amarelos e laranjas para criar um acabamento vibrante e atraente. A palavra &#8220;SEVILLA&#8221; aparece num lugar de destaque, realçando a ligação com a rica cultura andaluza. Ideal para colecionadores ou como recordação de viagem.</p>
