{"id":28146,"date":"2025-02-20T22:29:29","date_gmt":"2025-02-20T22:29:29","guid":{"rendered":"http:\/\/olemosaic.com\/producto\/bol-de-ceramica-de-11-cm-barcelona-blanco\/"},"modified":"2025-07-25T20:05:04","modified_gmt":"2025-07-25T18:05:04","slug":"taca-de-ceramica-de-11-cm-barcelona-branco","status":"publish","type":"product","link":"https:\/\/olemosaic.com\/pt-pt\/produto\/taca-de-ceramica-de-11-cm-barcelona-branco\/","title":{"rendered":"Ta\u00e7a de cer\u00e2mica de 11 cm. Barcelona. Branco"},"content":{"rendered":"<p>Esta ta\u00e7a de cer\u00e2mica de 11 cm \u00e9 uma magn\u00edfica representa\u00e7\u00e3o da vibrante cultura e arquitetura de Barcelona. Desenhada com um luminoso fundo branco que real\u00e7a uma alegre borda vermelha, este objeto n\u00e3o s\u00f3 \u00e9 funcional, como tamb\u00e9m uma pe\u00e7a decorativa que captura a ess\u00eancia da cidade condal. As ilustra\u00e7\u00f5es da ta\u00e7a apresentam alguns dos monumentos mais emblem\u00e1ticos de Barcelona, como a majestosa Sagrada Fam\u00edlia e o colorido Parque G\u00fcell, ambos \u00edcones do famoso arquiteto Antoni Gaud\u00ed. Estas ilustra\u00e7\u00f5es refletem o estilo caracter\u00edstico do trencad\u00eds, que utiliza peda\u00e7os de cer\u00e2mica para criar mosaicos vibrantes e cheios de vida, t\u00e3o t\u00edpicos da obra de Gaud\u00ed.<\/p>\n<p>Esta ta\u00e7a \u00e9 muito mais do que uma simples recorda\u00e7\u00e3o; \u00e9 um lembrete das cores e formas que definem Barcelona, tornando-a um presente perfeito para quem deseja levar um peda\u00e7o da cultura catal\u00e3. Os turistas apreciar\u00e3o n\u00e3o s\u00f3 a sua autenticidade como recorda\u00e7\u00e3o representativa de Barcelona, mas tamb\u00e9m a sua qualidade artesanal. Na Ol\u00e9 Mosaic, dedicamo-nos \u00e0 distribui\u00e7\u00e3o de recorda\u00e7\u00f5es por grosso, oferecendo artigos \u00fanicos que celebram a rica diversidade cultural de Espanha. Esta ta\u00e7a, com o seu design atraente e a sua liga\u00e7\u00e3o direta com a arquitetura da cidade, \u00e9 uma excelente op\u00e7\u00e3o para lojas de presentes tur\u00edsticos que procuram produtos aut\u00eanticos e significativos.<\/p>\n","protected":false},"excerpt":{"rendered":"<p>Ta\u00e7a de cer\u00e2mica de 11 cm decorada com um design vibrante que destaca os monumentos emblem\u00e1ticos de Barcelona. Apresenta um fundo branco que contrasta com uma alegre borda vermelha, e est\u00e1 adornada com ilustra\u00e7\u00f5es da Sagrada Fam\u00edlia, do Park G\u00fcell e de outros \u00edcones arquitet\u00f3nicos. Esta ta\u00e7a, que reflete o estilo colorido do trencad\u00eds de Gaud\u00ed, \u00e9 uma pe\u00e7a \u00fanica e funcional que captura a ess\u00eancia da Cidade Condal.<\/p>\n","protected":false},"featured_media":11177,"template":"","meta":{"_acf_changed":false},"product_brand":[],"product_cat":[513],"product_tag":[515],"class_list":{"0":"post-28146","1":"product","2":"type-product","3":"status-publish","4":"has-post-thumbnail","6":"product_cat-bols","7":"product_tag-ceramica","8":"pa_ciudad-barcelona","9":"pa_pais-espana","11":"first","12":"instock","13":"shipping-taxable","14":"product-type-simple"},"acf":[],"_links":{"self":[{"href":"https:\/\/olemosaic.com\/pt-pt\/wp-json\/wp\/v2\/product\/28146","targetHints":{"allow":["GET"]}}],"collection":[{"href":"https:\/\/olemosaic.com\/pt-pt\/wp-json\/wp\/v2\/product"}],"about":[{"href":"https:\/\/olemosaic.com\/pt-pt\/wp-json\/wp\/v2\/types\/product"}],"wp:featuredmedia":[{"embeddable":true,"href":"https:\/\/olemosaic.com\/pt-pt\/wp-json\/wp\/v2\/media\/11177"}],"wp:attachment":[{"href":"https:\/\/olemosaic.com\/pt-pt\/wp-json\/wp\/v2\/media?parent=28146"}],"wp:term":[{"taxonomy":"product_brand","embeddable":true,"href":"https:\/\/olemosaic.com\/pt-pt\/wp-json\/wp\/v2\/product_brand?post=28146"},{"taxonomy":"product_cat","embeddable":true,"href":"https:\/\/olemosaic.com\/pt-pt\/wp-json\/wp\/v2\/product_cat?post=28146"},{"taxonomy":"product_tag","embeddable":true,"href":"https:\/\/olemosaic.com\/pt-pt\/wp-json\/wp\/v2\/product_tag?post=28146"}],"curies":[{"name":"wp","href":"https:\/\/api.w.org\/{rel}","templated":true}]}}

Taça de cerâmica de 11 cm. Barcelona. Branco

<p>Esta taça de cerâmica de 11 cm é uma magnífica representação da vibrante cultura e arquitetura de Barcelona. Desenhada com um luminoso fundo branco que realça uma alegre borda vermelha, este objeto não só é funcional, como também uma peça decorativa que captura a essência da cidade condal. As ilustrações da taça apresentam alguns dos monumentos mais emblemáticos de Barcelona, como a majestosa Sagrada Família e o colorido Parque Güell, ambos ícones do famoso arquiteto Antoni Gaudí. Estas ilustrações refletem o estilo característico do trencadís, que utiliza pedaços de cerâmica para criar mosaicos vibrantes e cheios de vida, tão típicos da obra de Gaudí.</p>
<p>Esta taça é muito mais do que uma simples recordação; é um lembrete das cores e formas que definem Barcelona, tornando-a um presente perfeito para quem deseja levar um pedaço da cultura catalã. Os turistas apreciarão não só a sua autenticidade como recordação representativa de Barcelona, mas também a sua qualidade artesanal. Na Olé Mosaic, dedicamo-nos à distribuição de recordações por grosso, oferecendo artigos únicos que celebram a rica diversidade cultural de Espanha. Esta taça, com o seu design atraente e a sua ligação direta com a arquitetura da cidade, é uma excelente opção para lojas de presentes turísticos que procuram produtos autênticos e significativos.</p>

<p>Taça de cerâmica de 11 cm decorada com um design vibrante que destaca os monumentos emblemáticos de Barcelona. Apresenta um fundo branco que contrasta com uma alegre borda vermelha, e está adornada com ilustrações da Sagrada Família, do Park Güell e de outros ícones arquitetónicos. Esta taça, que reflete o estilo colorido do trencadís de Gaudí, é uma peça única e funcional que captura a essência da Cidade Condal.</p>
