{"id":27370,"date":"2025-02-20T22:28:54","date_gmt":"2025-02-20T22:28:54","guid":{"rendered":"http:\/\/olemosaic.com\/producto\/funda-de-telefono-para-iphone-13-pro-tpu-abstracto-verde\/"},"modified":"2025-07-25T20:03:20","modified_gmt":"2025-07-25T18:03:20","slug":"capa-de-telemovel-para-iphone-13-pro-tpu-abstrato-verde","status":"publish","type":"product","link":"https:\/\/olemosaic.com\/pt-pt\/produto\/capa-de-telemovel-para-iphone-13-pro-tpu-abstrato-verde\/","title":{"rendered":"Capa de telem\u00f3vel para iPhone 13 Pro (TPU). Abstrato. Verde"},"content":{"rendered":"<p>Esta capa para iPhone 13 Pro \u00e9 um acess\u00f3rio moderno e vibrante, fabricado em TPU de alta qualidade, que garante prote\u00e7\u00e3o e estilo. O seu design abstrato, que combina tons verdes com outras cores vivas, evoca a arte moderna, criando um efeito visual din\u00e2mico e atraente. As formas onduladas apresentam uma est\u00e9tica contempor\u00e2nea que n\u00e3o s\u00f3 real\u00e7a a beleza da capa, mas tamb\u00e9m destaca a sua singularidade como recorda\u00e7\u00e3o representativa da inova\u00e7\u00e3o e da criatividade dos designers contempor\u00e2neos em Espanha.<\/p>\n<p>Adaptando-se na perfei\u00e7\u00e3o ao iPhone 13 Pro, esta capa proporciona um ajuste seguro e elegante, oferecendo uma superf\u00edcie suave e flex\u00edvel que protege contra golpes e quedas. \u00c9, sem d\u00favida, a op\u00e7\u00e3o ideal para quem procura um acess\u00f3rio pr\u00e1tico sem sacrificar o estilo, tornando-a uma excelente escolha para os turistas que procuram recorda\u00e7\u00f5es que reflitam a modernidade e a arte do pa\u00eds.<\/p>\n<p>Na Ol\u00e9 Mosaic, somos especialistas na distribui\u00e7\u00e3o de lembran\u00e7as por grosso, e esta capa \u00e9 uma amostra perfeita da fus\u00e3o entre arte e funcionalidade. Como grossista de acess\u00f3rios para telem\u00f3veis, garantimos produtos aut\u00eanticos e de alta qualidade que fascinar\u00e3o os visitantes e ser\u00e3o uma recorda\u00e7\u00e3o duradoura da sua experi\u00eancia em Espanha. Esta capa \u00e9 um excelente complemento para qualquer loja de presentes tur\u00edsticos que procure oferecer produtos \u00fanicos e relevantes.<\/p>\n","protected":false},"excerpt":{"rendered":"<p>Capa para iPhone 13 Pro fabricada em TPU, com um design abstrato em tons verdes e cores vibrantes. Esta capa apresenta formas onduladas que evocam a arte moderna, criando um efeito visual din\u00e2mico. Ideal para quem procura proteger o seu dispositivo sem renunciar ao estilo, a sua superf\u00edcie suave e flex\u00edvel adapta-se na perfei\u00e7\u00e3o ao iPhone, proporcionando um ajuste seguro e elegante. Um acess\u00f3rio pr\u00e1tico e art\u00edstico para o seu dia a dia.<\/p>\n","protected":false},"featured_media":12316,"template":"","meta":{"_acf_changed":false},"product_brand":[],"product_cat":[685],"product_tag":[],"class_list":{"0":"post-27370","1":"product","2":"type-product","3":"status-publish","4":"has-post-thumbnail","6":"product_cat-capas-para-telemoveis","7":"pa_motivo-resumo","9":"first","10":"instock","11":"shipping-taxable","12":"product-type-simple"},"acf":[],"_links":{"self":[{"href":"https:\/\/olemosaic.com\/pt-pt\/wp-json\/wp\/v2\/product\/27370","targetHints":{"allow":["GET"]}}],"collection":[{"href":"https:\/\/olemosaic.com\/pt-pt\/wp-json\/wp\/v2\/product"}],"about":[{"href":"https:\/\/olemosaic.com\/pt-pt\/wp-json\/wp\/v2\/types\/product"}],"wp:featuredmedia":[{"embeddable":true,"href":"https:\/\/olemosaic.com\/pt-pt\/wp-json\/wp\/v2\/media\/12316"}],"wp:attachment":[{"href":"https:\/\/olemosaic.com\/pt-pt\/wp-json\/wp\/v2\/media?parent=27370"}],"wp:term":[{"taxonomy":"product_brand","embeddable":true,"href":"https:\/\/olemosaic.com\/pt-pt\/wp-json\/wp\/v2\/product_brand?post=27370"},{"taxonomy":"product_cat","embeddable":true,"href":"https:\/\/olemosaic.com\/pt-pt\/wp-json\/wp\/v2\/product_cat?post=27370"},{"taxonomy":"product_tag","embeddable":true,"href":"https:\/\/olemosaic.com\/pt-pt\/wp-json\/wp\/v2\/product_tag?post=27370"}],"curies":[{"name":"wp","href":"https:\/\/api.w.org\/{rel}","templated":true}]}}

Capa de telemóvel para iPhone 13 Pro (TPU). Abstrato. Verde

<p>Esta capa para iPhone 13 Pro é um acessório moderno e vibrante, fabricado em TPU de alta qualidade, que garante proteção e estilo. O seu design abstrato, que combina tons verdes com outras cores vivas, evoca a arte moderna, criando um efeito visual dinâmico e atraente. As formas onduladas apresentam uma estética contemporânea que não só realça a beleza da capa, mas também destaca a sua singularidade como recordação representativa da inovação e da criatividade dos designers contemporâneos em Espanha.</p>
<p>Adaptando-se na perfeição ao iPhone 13 Pro, esta capa proporciona um ajuste seguro e elegante, oferecendo uma superfície suave e flexível que protege contra golpes e quedas. É, sem dúvida, a opção ideal para quem procura um acessório prático sem sacrificar o estilo, tornando-a uma excelente escolha para os turistas que procuram recordações que reflitam a modernidade e a arte do país.</p>
<p>Na Olé Mosaic, somos especialistas na distribuição de lembranças por grosso, e esta capa é uma amostra perfeita da fusão entre arte e funcionalidade. Como grossista de acessórios para telemóveis, garantimos produtos autênticos e de alta qualidade que fascinarão os visitantes e serão uma recordação duradoura da sua experiência em Espanha. Esta capa é um excelente complemento para qualquer loja de presentes turísticos que procure oferecer produtos únicos e relevantes.</p>

<p>Capa para iPhone 13 Pro fabricada em TPU, com um design abstrato em tons verdes e cores vibrantes. Esta capa apresenta formas onduladas que evocam a arte moderna, criando um efeito visual dinâmico. Ideal para quem procura proteger o seu dispositivo sem renunciar ao estilo, a sua superfície suave e flexível adapta-se na perfeição ao iPhone, proporcionando um ajuste seguro e elegante. Um acessório prático e artístico para o seu dia a dia.</p>
